greatest common divisor of 6 and 3126.
6
Calculate the highest common factor of 1413 and 18.
9
What is the highest common divisor of 6943 and 106?
53
Calculate the highest common divisor of 16 and 7792.
16
Calculate the greatest common divisor of 1775 and 568.
71
Calculate the greatest common divisor of 360 and 390.
30
Calculate the highest common divisor of 728 and 52.
52
What is the greatest common divisor of 1562 and 2002?
22
Calculate the highest common divisor of 45 and 120.
15
What is the highest common factor of 42 and 2702?
14
What is the greatest common divisor of 12 and 42?
6
Calculate the highest common factor of 19 and 38.
19
What is the greatest common divisor of 360 and 8?
8
Calculate the greatest common factor of 8 and 128.
8
Calculate the greatest common factor of 44 and 946.
22
What is the highest common divisor of 18 and 32094?
18
Calculate the highest common divisor of 1767 and 76.
19
Calculate the highest common divisor of 280 and 14.
14
What is the greatest common divisor of 4753 and 14?
7
What is the greatest common divisor of 1416 and 3009?
177
What is the greatest common divisor of 204 and 918?
102
What is the highest common divisor of 985 and 5?
5
Calculate the highest common factor of 2604 and 4991.
217
Calculate the greatest common factor of 287 and 205.
41
What is the highest common factor of 138 and 27186?
138
Calculate the greatest common factor of 6 and 48.
6
What is the highest common divisor of 96 and 408?
24
What is the greatest common divisor of 6 and 111?
3
What is the highest common divisor of 148 and 2997?
37
Calculate the highest common factor of 15 and 255.
15
Calculate the greatest common divisor of 1 and 125.
1
Calculate the highest common divisor of 28 and 896.
28
What is the greatest common factor of 60 and 28?
4
What is the greatest common factor of 544 and 17?
17
What is the highest common divisor of 1496 and 10846?
374
Calculate the greatest common factor of 14690 and 195.
65
Calculate the highest common factor of 2880 and 1944.
72
What is the highest common divisor of 29 and 348?
29
Calculate the highest common factor of 126 and 1152.
18
Calculate the highest common factor of 276 and 3749.
23
Calculate the greatest common divisor of 560 and 60.
20
Calculate the highest common divisor of 192 and 264.
24
What is the highest common factor of 12 and 9?
3
Calculate the greatest common divisor of 308 and 1100.
44
What is the highest common factor of 52 and 85540?
52
What is the highest common divisor of 91 and 2?
1
Calculate the greatest common factor of 2101 and 5348.
191
What is the highest common divisor of 12 and 972?
12
What is the greatest common factor of 9 and 17109?
9
What is the greatest common divisor of 102 and 1?
1
Calculate the greatest common divisor of 2832 and 240.
48
Calculate the greatest common factor of 13824 and 320.
64
Calculate the greatest common divisor of 19376 and 14.
14
Calculate the greatest common divisor of 80 and 760.
40
Calculate the highest common divisor of 3384 and 120.
24
Calculate the highest common factor of 180 and 1035.
45
Calculate the greatest common factor of 315 and 280.
35
Calculate the highest common factor of 608 and 76.
76
What is the greatest common divisor of 253 and 1357?
23
Calculate the greatest common divisor of 1352 and 8.
8
Calculate the greatest common factor of 1615 and 38.
19
What is the greatest common factor of 85 and 765?
85
Calculate the greatest common divisor of 4992 and 512.
128
Calculate the highest common factor of 54 and 2.
2
Calculate the highest common factor of 475 and 25.
25
Calculate the greatest common factor of 1035 and 99.
9
Calculate the greatest common factor of 28 and 238.
14
What is the highest common divisor of 21 and 6?
3
Calculate the highest common factor of 30 and 54.
6
What is the greatest common factor of 228 and 216?
12
What is the highest common factor of 94 and 282?
94
What is the greatest common factor of 21 and 483?
21
Calculate the highest common divisor of 1020 and 459.
51
What is the highest common divisor of 125 and 10?
5
What is the greatest common factor of 7956 and 34?
34
What is the highest common divisor of 494 and 52?
26
What is the greatest common factor of 46 and 575?
23
Calculate the highest common factor of 46 and 184.
46
What is the greatest common factor of 58 and 6?
2
What is the greatest common divisor of 27 and 261?
9
Calculate the greatest common divisor of 497 and 142.
71
Calculate the greatest common factor of 668 and 4.
4
Calculate the greatest common factor of 261 and 145.
29
What is the highest common divisor of 8 and 2?
2
What is the greatest common factor of 76 and 2945?
19
What is the highest common divisor of 27 and 5697?
27
Calculate the greatest common factor of 17 and 66334.
17
Calculate the greatest common divisor of 956 and 15057.
239
What is the highest common factor of 14 and 18466?
14
Calculate the greatest common factor of 114 and 14934.
114
What is the highest common factor of 93 and 12?
3
Calculate the greatest common divisor of 3 and 14646.
3
What is the greatest common divisor of 1498 and 196?
14
Calculate the highest common divisor of 1807 and 26.
13
What is the highest common divisor of 193 and 1?
1
Calculate the highest common factor of 10579 and 71.
71
Calculate the highest common divisor of 600 and 1080.
120
Calculate the highest common factor of 1533 and 21.
21
What is the greatest common factor of 25 and 1225?
25
Calculate the greatest common factor of 3 and 87.
3
What is the highest common divisor of 16 and 264?
8
What is the highest common divisor of 630 and 12?
6
What is the greatest common factor of 462 and 25641?
231
Calculate the greatest common factor of 13210 and 50.
10
What is the highest common divisor of 44 and 6809?
11
What is the greatest common divisor of 2624 and 224?
32
Calculate the greatest common divisor of 1800 and 675.
225
Calculate the greatest common factor of 406 and 1337.
7
What is the highest common factor of 5993 and 39?
13
Calculate the greatest common factor of 66 and 4.
2
Calculate the greatest common divisor of 2587 and 1592.
199
Calculate the highest common divisor of 429 and 91.
13
Calculate the highest common factor of 3658 and 186.
62
Calculate the highest common factor of 354 and 236.
118
Calculate the greatest common factor of 59 and 44958.
59
Calculate the greatest common divisor of 30 and 30.
30
Calculate the highest common divisor of 200 and 25.
25
What is the greatest common divisor of 32 and 332?
4
Calculate the highest common divisor of 9089 and 61.
61
Calculate the highest common factor of 136 and 34.
34
Calculate the highest common factor of 10094 and 196.
98
What is the highest common factor of 1246 and 14?
14
What is the highest common divisor of 14 and 917?
7
Calculate the greatest common divisor of 286 and 78.
26
Calculate the highest common divisor of 56 and 128072.
56
Calculate the highest common divisor of 504 and 864.
72
What is the highest common factor of 18 and 855?
9
What is the greatest common factor of 95 and 7030?
95
What is the greatest common factor of 22 and 32?
2
What is the highest common factor of 450 and 18?
18
What is the greatest common divisor of 29 and 11629?
29
What is the highest common divisor of 96 and 156?
12
What is the greatest common factor of 2814 and 42?
42
What is the greatest common divisor of 399 and 189?
21
What is the greatest common factor of 48 and 3792?
48
Calculate the greatest common factor of 771 and 13364.
257
Calculate the greatest common divisor of 106 and 265.
53
Calculate the highest common divisor of 47957 and 217.
217
Calculate the highest common factor of 68 and 85.
17
Calculate the highest common divisor of 687 and 33.
3
Calculate the greatest common factor of 99 and 18.
9
Calculate the greatest common divisor of 632 and 1343.
79
What is the highest common divisor of 33 and 24?
3
What is the highest common divisor of 76 and 19?
19
What is the highest common divisor of 76 and 928?
4
Calculate the greatest common factor of 360 and 90.
90
What is the greatest common factor of 20 and 719?
1
Calculate the highest common divisor of 90 and 70.
10
What is the highest common factor of 53 and 12?
1
Calculate the greatest common divisor of 5966 and 38.
38
Calculate th